93
Calculate the remainder when 917046 is divided by 25.
21
What is the remainder when 555521 is divided by 896?
1
Calculate the remainder when 2441295 is divided by 610317.
27
What is the remainder when 1286644 is divided by 22?
18
Calculate the remainder when 20443 is divided by 1144.
995
What is the remainder when 879410 is divided by 4728?
2
What is the remainder when 716765 is divided by 3513?
113
What is the remainder when 32114276 is divided by 23?
20
Calculate the remainder when 855181 is divided by 1847.
20
Calculate the remainder when 36877 is divided by 2464.
2381
Calculate the remainder when 9842521 is divided by 17.
14
Calculate the remainder when 41245914 is divided by 1267.
1263
Calculate the remainder when 114006 is divided by 244.
58
Calculate the remainder when 245056257 is divided by 46.
43
Calculate the remainder when 3413326 is divided by 398.
78
Calculate the remainder when 768482 is divided by 10008.
7874
What is the remainder when 18165895 is divided by 18165848?
47
What is the remainder when 227909 is divided by 62?
59
Calculate the remainder when 648725 is divided by 923.
779
What is the remainder when 1155583 is divided by 88886?
65
Calculate the remainder when 6319790 is divided by 487.
478
Calculate the remainder when 3907630 is divided by 227.
52
Calculate the remainder when 317183 is divided by 8809.
59
What is the remainder when 82984047 is divided by 41492023?
1
What is the remainder when 57891425 is divided by 4318?
4317
What is the remainder when 462778967 is divided by 4674535?
2
What is the remainder when 16324238 is divided by 8162117?
4
What is the remainder when 96239 is divided by 6268?
2219
Calculate the remainder when 128808 is divided by 997.
195
Calculate the remainder when 34829420 is divided by 17414703.
14
What is the remainder when 5211455 is divided by 8207?
10
Calculate the remainder when 106284 is divided by 17079.
3810
What is the remainder when 61944791 is divided by 12388953?
26
Calculate the remainder when 48258 is divided by 542.
20
Calculate the remainder when 673089 is divided by 96150.
39
Calculate the remainder when 729285 is divided by 91148.
101
Calculate the remainder when 338859 is divided by 267.
36
Calculate the remainder when 2055487 is divided by 1245.
1237
What is the remainder when 530029 is divided by 10810?
339
What is the remainder when 38042 is divided by 10996?
5054
Calculate the remainder when 302337 is divided by 75447.
549
Calculate the remainder when 1375656 is divided by 55.
51
What is the remainder when 143478 is divided by 2318?
2080
What is the remainder when 3449132 is divided by 50722?
36
What is the remainder when 20303258 is divided by 275?
8
What is the remainder when 118208081 is divided by 187?
145
Calculate the remainder when 16722002 is divided by 796285.
17
What is the remainder when 178200 is divided by 1764?
36
Calculate the remainder when 4726262 is divided by 27.
20
Calculate the remainder when 3802576 is divided by 950643.
4
What is the remainder when 3892910 is divided by 973204?
94
Calculate the remainder when 40881701 is divided by 1062.
11
Calculate the remainder when 964886 is divided by 50.
36
What is the remainder when 142852 is divided by 21890?
11512
What is the remainder when 1104554 is divided by 599?
597
What is the remainder when 1002230 is divided by 1058?
304
What is the remainder when 2039076 is divided by 2039006?
70
Calculate the remainder when 22839058 is divided by 20.
18
Calculate the remainder when 1973885 is divided by 98694.
5
Calculate the remainder when 877991 is divided by 908.
863
Calculate the remainder when 61013591 is divided by 239.
237
Calculate the remainder when 1978699 is divided by 28.
23
Calculate the remainder when 347104 is divided by 400.
304
Calculate the remainder when 38450 is divided by 3501.
3440
What is the remainder when 1513546 is divided by 216214?
48
What is the remainder when 172485 is divided by 142?
97
What is the remainder when 201652581 is divided by 84?
81
What is the remainder when 4033075929 is divided by 10?
9
What is the remainder when 135979 is divided by 547?
323
What is the remainder when 134943455 is divided by 255?
5
What is the remainder when 31837137 is divided by 36?
33
What is the remainder when 168970873 is divided by 115?
108
What is the remainder when 14100 is divided by 4491?
627
Calculate the remainder when 2958 is divided by 1997.
961
What is the remainder when 186355 is divided by 26593?
204
What is the remainder when 81324239 is divided by 304?
287
What is the remainder when 14977621 is divided by 1069829?
15
Calculate the remainder when 12730797 is divided by 4456.
5
Calculate the remainder when 3353789 is divided by 71.
33
What is the remainder when 747991 is divided by 24933?
1
What is the remainder when 1311346 is divided by 160?
146
What is the remainder when 5557896 is divided by 1300?
396
What is the remainder when 2794509 is divided by 32?
13
Calculate the remainder when 36201051 is divided by 43.
39
Calculate the remainder when 3796748 is divided by 652.
152
Calculate the remainder when 16117737 is divided by 1849.
4
What is the remainder when 21711 is divided by 10228?
1255
What is the remainder when 1584669 is divided by 32?
29
Calculate the remainder when 235216 is divided by 29396.
48
Calculate the remainder when 623205 is divided by 3086.
2919
Calculate the remainder when 3330 is divided by 264.
162
Calculate the remainder when 1540316 is divided by 1460.
16
Calculate the remainder when 683636 is divided by 554.
0
Calculate the remainder when 348457910 is divided by 21.
17
What is the remainder when 3666 is divided by 2405?
1261
What is the remainder when 199580 is divided by 32140?
6740
Calculate the remainder when 56251284 is divided by 38.
36
Calculate the remainder when 301261 is divided by 4706.
77
Calculate the remainder when 146433 is divided by 8478.
2307
Calculate the remainder when 217892 is divided by 349.
116
Calculate the remainder when 15219 is divided by 1897.
43
What is the remainder when 77887869 is divided by 2191?
10
What is the remainder when 10363 is divided by 8404?
1959
Calculate the remainder when 4896695 is divided by 1224172.
7
What is the remainder when 3244565 is divided by 31?
12
Calculate the remainder when 2059355 is divided by 177.
137
Calculate the remainder when 8036542 is divided by 401824.
62
What is the remainder when 74223 is divided by 1604?
439
What is the remainder when 136769 is divided by 3506?
35
What is the remainder when 2073355 is divided by 6754?
6631
Calculate the remainder when 48028411 is divided by 2208.
2203
What is the remainder when 442291 is divided by 221139?
13
What is the remainder when 170025 is divided by 132?
9
Calculate the remainder when 4835450 is divided by 40978.
46
What is the remainder when 2630498 is divided by 1863?
1805
Calculate the remainder when 228745 is divided by 32661.
118
What is the remainder when 309673 is divided by 1911?
91
Calculate the remainder when 403810 is divided by 100857.
382
Calculate the remainder when 106504 is divided by 644.
244
Calculate the remainder when 345530 is divided by 246.
146
Calculate the remainder when 126599 is divided by 3903.
1703
Calculate the remainder when 5692501 is divided by 2064.
2053
Calculate the remainder when 18995 is divided by 1525.
695
What is the remainder when 2326456 is divided by 4047?
3478
What is the remainder when 22841285 is divided by 9?
5
Calculate the remainder when 2329125 is divided by 80.
5
Calculate the remainder when 2546339 is divided by 2927.
2776
What is the remainder when 48412183 is divided by 396?
391
Calculate the remainder when 44552 is divided by 726.
266
Calculate the remainder when 700245 is divided by 48.
21
Calculate the remainder when 185342 is divided by 99.
14
Calculate the remainder when 173783251 is divided by 129.
127
Calculate the remainder when 10238493 is divided by 12.
9
Calculate the remainder when 530535 is divided by 132453.
723
What is the remainder when 10795730 is divided by 531?
500
What is the remainder when 2336605 is divided by 50782?
633
Calculate the remainder when 7872170 is divided by 8566.
16
What is the remainder when 91052 is divided by 88287?
2765
What is the remainder 